{"id":351,"date":"2020-02-17T18:54:02","date_gmt":"2020-02-17T17:54:02","guid":{"rendered":"http:\/\/smpolaniec.com.pl\/smpolaniec\/?page_id=351"},"modified":"2020-02-17T18:57:47","modified_gmt":"2020-02-17T17:57:47","slug":"wentylacja-i-napowietrzenie","status":"publish","type":"page","link":"https:\/\/smpolaniec.com.pl\/smpolaniec\/wentylacja-i-napowietrzenie\/","title":{"rendered":"Wentylacja i napowietrzenie"},"content":{"rendered":"\n<p> Nieefektywny system wentylacji to zmora wielu dom\u00f3w i mieszka\u0144. Niezliczone korzy\u015bci z wp\u0142ywu czystego powietrza na nasz organizm powoduj\u0105, \u017ce coraz wi\u0119cej os\u00f3b chce zg\u0142\u0119bi\u0107 temat usprawnienia wentylacji w mieszkaniu oraz sposob\u00f3w poprawy jako\u015bci powietrza, kt\u00f3rym oddychamy. Wentylacja mieszka\u0144 jest cz\u0119\u015bci\u0105 wi\u0119kszej ca\u0142o\u015bci, na kt\u00f3r\u0105 nie mamy wp\u0142ywu. Nasze dzia\u0142ania ograniczaj\u0105 si\u0119 zatem do naszego mieszkania. <\/p>\n\n\n\n<h3 class=\"has-vivid-red-color has-text-color has-text-align-center wp-block-heading\"> Wentylacja w bloku &#8211; przepisy<br> <\/h3>\n\n\n\n<p>Najwa\u017cniejsz\u0105 norm\u0105 z punktu widzenia projektant\u00f3w wentylacji jest norma PN-83\/B-03430 Wentylacja w budynkach mieszkalnych zamieszkania zbiorowego i u\u017cyteczno\u015bci publicznej &#8211; Wymagania oraz ze zmian\u0105 do tej normy PN-83\/B-03430\/Az3:2000.<br><br>Wentylacja grawitacyjna mo\u017ce by\u0107 projektowana dla budynk\u00f3w do 9 kondygnacji w\u0142\u0105cznie. W budynkach wy\u017cszych nale\u017cy stosowa\u0107 wentylacj\u0119 mechaniczn\u0105 wywiewn\u0105 lub nawiewno-wywiewn\u0105. Rozporz\u0105dzenie zabrania r\u00f3wnie\u017c \u0142\u0105czenia wentylacji grawitacyjnej z mechaniczn\u0105 lub klimatyzacj\u0105 pobieraj\u0105c\u0105 powietrze z pomieszczenia.<\/p>\n\n\n\n<p>Lokator nie ma wp\u0142ywu na rodzaj instalacji wentylacyjnej, jaka dzia\u0142a w jego mieszkaniu, nie mo\u017ce r\u00f3wnie\u017c samodzielnie jej przebudowa\u0107 lub zmieni\u0107.&nbsp;<\/p>\n\n\n\n<h3 class=\"has-vivid-red-color has-text-color has-text-align-center wp-block-heading\">Najcz\u0119stsze problemy wentylacji w blokach<\/h3>\n\n\n\n<ul><li>du\u017cy przewiew i przeci\u0105gi w mieszkaniach, g\u0142\u00f3wnie na wy\u017cszych kondygnacjach;<\/li><li>w konsekwencji wiele os\u00f3b decyduje si\u0119 na zakrywanie kratek wentylacyjnych, celem zmniejszenia przeci\u0105g\u00f3w;<\/li><li>wdmuchiwanie powietrza do mieszka\u0144 na wy\u017cszym pi\u0119trze;<\/li><li>b\u0142\u0119dy architektoniczne i projektowe, kt\u00f3re zaburzaj\u0105&nbsp;<a href=\"https:\/\/www.wentylacyjny.pl\/1787-3-3-jak-zadbac-o-sprawnosc-ciagu-kominowego-.html\">ci\u0105g w kominach<\/a>;<\/li><li>zbyt szczelne okna i \u015bciany wskutek docieplania budynku z zewn\u0105trz;<\/li><li>niedro\u017cne przewody wentylacyjne.<\/li><\/ul>\n\n\n\n<h3 class=\"has-vivid-red-color has-text-color has-text-align-center wp-block-heading\">Jak we w\u0142asnym zakresie poprawi\u0107 wentylacj\u0119 w mieszkaniu?<\/h3>\n\n\n\n<ul><li>poprawi\u0107 dop\u0142yw powietrza zewn\u0119trznego do swojego mieszkania &#8211; monta\u017c w oknach lub \u015bcianach nawiewnik\u00f3w powietrza <\/li><li>uskuteczni\u0107 przep\u0142yw powietrza pomi\u0119dzy pomieszczeniami \u2013 wykonanie szczelin miedzy skrzyd\u0142ami drzwi a posadzk\u0105 o wysoko\u015bci oko\u0142o 1 cm w pokojach i oko\u0142o 2,5 cm w \u0142azience<\/li><li>powinno si\u0119 utrzymywa\u0107 mo\u017cliwie wysok\u0105 temperatur\u0119 w \u0142azience, aby zapewni\u0107 r\u00f3\u017cnic\u0119 temperatury pomi\u0119dzy \u0142azienk\u0105 a otoczeniem budynku, co wymusi wymian\u0119 powietrza<\/li><li>czyszczenie kratki wentylacyjnej, aby powietrze \u0142atwo dostawa\u0142o si\u0119 ni\u0105 do kana\u0142u wentylacyjnego<\/li><li>na zako\u0144czeniach indywidualnych przewod\u00f3w wentylacyjnych zamontowa\u0107 nasady kominowe<\/li><\/ul>\n\n\n\n<h3 class=\"has-vivid-red-color has-text-color has-text-align-center wp-block-heading\">Dlaczego nie wolno zakleja\u0107 kratek wentylacyjnych w mieszkaniach?<\/h3>\n\n\n\n<p> Jednym z kluczowych element\u00f3w systemu wentylacyjnego w ka\u017cdym domu s\u0105 kratki wentylacyjne. Zapewniaj\u0105 one w\u0142a\u015bciwe funkcjonowanie wentylacji opartej na obiegu powietrza. Szczeg\u00f3ln\u0105 rol\u0119 pe\u0142ni\u0105 w okresie grzewczym chroni\u0105c nas przed tlenkiem w\u0119gla (czadem). <\/p>\n\n\n\n<p style=\"color:#5b5951\" class=\"has-text-color\">\u0179r\u00f3d\u0142o:  <a href=\"https:\/\/www.wentylacyjny.pl\/1875-49-234-wentylacja-w-bloku--jak-ja-poprawic.html\">https:\/\/www.wentylacyjny.pl\/1875-49-234-wentylacja-w-bloku&#8211;jak-ja-poprawic.html<\/a> <\/p>\n","protected":false},"excerpt":{"rendered":"<p>Nieefektywny system wentylacji to zmora wielu dom\u00f3w i mieszka\u0144. Niezliczone korzy\u015bci z wp\u0142ywu czystego powietrza na nasz organizm powoduj\u0105, \u017ce coraz wi\u0119cej os\u00f3b chce zg\u0142\u0119bi\u0107 temat usprawnienia wentylacji w mieszkaniu oraz sposob\u00f3w poprawy jako\u015bci powietrza, kt\u00f3rym oddychamy. Wentylacja mieszka\u0144 jest cz\u0119\u015bci\u0105 wi\u0119kszej ca\u0142o\u015bci, na kt\u00f3r\u0105 nie mamy wp\u0142ywu. Nasze dzia\u0142ania ograniczaj\u0105 si\u0119 zatem do naszego &#8230; <a title=\"Wentylacja i napowietrzenie\" class=\"read-more\" href=\"https:\/\/smpolaniec.com.pl\/smpolaniec\/wentylacja-i-napowietrzenie\/\" aria-label=\"Read more about Wentylacja i napowietrzenie\">Dowiedz si\u0119 wi\u0119cej<\/a><\/p>\n","protected":false},"author":11,"featured_media":0,"parent":0,"menu_order":0,"comment_status":"closed","ping_status":"closed","template":"","meta":{"_acf_changed":false,"footnotes":""},"acf":[],"yoast_head":"<!-- This site is optimized with the Yoast SEO plugin v22.8 - https:\/\/yoast.com\/wordpress\/plugins\/seo\/ -->\n<title>Wentylacja i napowietrzenie - smpolaniec.com.pl<\/title>\n<meta name=\"robots\" content=\"index, follow, max-snippet:-1, max-image-preview:large, max-video-preview:-1\" \/>\n<link rel=\"canonical\" href=\"http:\/\/smpolaniec.com.pl\/smpolaniec\/wentylacja-i-napowietrzenie\/\" \/>\n<meta property=\"og:locale\" content=\"pl_PL\" \/>\n<meta property=\"og:type\" content=\"article\" \/>\n<meta property=\"og:title\" content=\"Wentylacja i napowietrzenie - smpolaniec.com.pl\" \/>\n<meta property=\"og:description\" content=\"Nieefektywny system wentylacji to zmora wielu dom\u00f3w i mieszka\u0144. Niezliczone korzy\u015bci z wp\u0142ywu czystego powietrza na nasz organizm powoduj\u0105, \u017ce coraz wi\u0119cej os\u00f3b chce zg\u0142\u0119bi\u0107 temat usprawnienia wentylacji w mieszkaniu oraz sposob\u00f3w poprawy jako\u015bci powietrza, kt\u00f3rym oddychamy. Wentylacja mieszka\u0144 jest cz\u0119\u015bci\u0105 wi\u0119kszej ca\u0142o\u015bci, na kt\u00f3r\u0105 nie mamy wp\u0142ywu. Nasze dzia\u0142ania ograniczaj\u0105 si\u0119 zatem do naszego ... Dowiedz si\u0119 wi\u0119cej\" \/>\n<meta property=\"og:url\" content=\"http:\/\/smpolaniec.com.pl\/smpolaniec\/wentylacja-i-napowietrzenie\/\" \/>\n<meta property=\"og:site_name\" content=\"smpolaniec.com.pl\" \/>\n<meta property=\"article:modified_time\" content=\"2020-02-17T17:57:47+00:00\" \/>\n<meta name=\"twitter:card\" content=\"summary_large_image\" \/>\n<meta name=\"twitter:label1\" content=\"Szacowany czas czytania\" \/>\n\t<meta name=\"twitter:data1\" content=\"2 minuty\" \/>\n<script type=\"application\/ld+json\" class=\"yoast-schema-graph\">{\"@context\":\"https:\/\/schema.org\",\"@graph\":[{\"@type\":\"WebPage\",\"@id\":\"http:\/\/smpolaniec.com.pl\/smpolaniec\/wentylacja-i-napowietrzenie\/\",\"url\":\"http:\/\/smpolaniec.com.pl\/smpolaniec\/wentylacja-i-napowietrzenie\/\",\"name\":\"Wentylacja i napowietrzenie - smpolaniec.com.pl\",\"isPartOf\":{\"@id\":\"http:\/\/smpolaniec.com.pl\/smpolaniec\/#website\"},\"datePublished\":\"2020-02-17T17:54:02+00:00\",\"dateModified\":\"2020-02-17T17:57:47+00:00\",\"breadcrumb\":{\"@id\":\"http:\/\/smpolaniec.com.pl\/smpolaniec\/wentylacja-i-napowietrzenie\/#breadcrumb\"},\"inLanguage\":\"pl-PL\",\"potentialAction\":[{\"@type\":\"ReadAction\",\"target\":[\"http:\/\/smpolaniec.com.pl\/smpolaniec\/wentylacja-i-napowietrzenie\/\"]}]},{\"@type\":\"BreadcrumbList\",\"@id\":\"http:\/\/smpolaniec.com.pl\/smpolaniec\/wentylacja-i-napowietrzenie\/#breadcrumb\",\"itemListElement\":[{\"@type\":\"ListItem\",\"position\":1,\"name\":\"Strona g\u0142\u00f3wna\",\"item\":\"https:\/\/smpolaniec.com.pl\/smpolaniec\/\"},{\"@type\":\"ListItem\",\"position\":2,\"name\":\"Wentylacja i napowietrzenie\"}]},{\"@type\":\"WebSite\",\"@id\":\"http:\/\/smpolaniec.com.pl\/smpolaniec\/#website\",\"url\":\"http:\/\/smpolaniec.com.pl\/smpolaniec\/\",\"name\":\"smpolaniec.com.pl\",\"description\":\"Sp\u00f3\u0142dzielnia Mieszkaniowa Po\u0142aniec\",\"potentialAction\":[{\"@type\":\"SearchAction\",\"target\":{\"@type\":\"EntryPoint\",\"urlTemplate\":\"http:\/\/smpolaniec.com.pl\/smpolaniec\/?s={search_term_string}\"},\"query-input\":\"required name=search_term_string\"}],\"inLanguage\":\"pl-PL\"}]}<\/script>\n<!-- \/ Yoast SEO plugin. -->","yoast_head_json":{"title":"Wentylacja i napowietrzenie - smpolaniec.com.pl","robots":{"index":"index","follow":"follow","max-snippet":"max-snippet:-1","max-image-preview":"max-image-preview:large","max-video-preview":"max-video-preview:-1"},"canonical":"http:\/\/smpolaniec.com.pl\/smpolaniec\/wentylacja-i-napowietrzenie\/","og_locale":"pl_PL","og_type":"article","og_title":"Wentylacja i napowietrzenie - smpolaniec.com.pl","og_description":"Nieefektywny system wentylacji to zmora wielu dom\u00f3w i mieszka\u0144. Niezliczone korzy\u015bci z wp\u0142ywu czystego powietrza na nasz organizm powoduj\u0105, \u017ce coraz wi\u0119cej os\u00f3b chce zg\u0142\u0119bi\u0107 temat usprawnienia wentylacji w mieszkaniu oraz sposob\u00f3w poprawy jako\u015bci powietrza, kt\u00f3rym oddychamy. Wentylacja mieszka\u0144 jest cz\u0119\u015bci\u0105 wi\u0119kszej ca\u0142o\u015bci, na kt\u00f3r\u0105 nie mamy wp\u0142ywu. Nasze dzia\u0142ania ograniczaj\u0105 si\u0119 zatem do naszego ... Dowiedz si\u0119 wi\u0119cej","og_url":"http:\/\/smpolaniec.com.pl\/smpolaniec\/wentylacja-i-napowietrzenie\/","og_site_name":"smpolaniec.com.pl","article_modified_time":"2020-02-17T17:57:47+00:00","twitter_card":"summary_large_image","twitter_misc":{"Szacowany czas czytania":"2 minuty"},"schema":{"@context":"https:\/\/schema.org","@graph":[{"@type":"WebPage","@id":"http:\/\/smpolaniec.com.pl\/smpolaniec\/wentylacja-i-napowietrzenie\/","url":"http:\/\/smpolaniec.com.pl\/smpolaniec\/wentylacja-i-napowietrzenie\/","name":"Wentylacja i napowietrzenie - smpolaniec.com.pl","isPartOf":{"@id":"http:\/\/smpolaniec.com.pl\/smpolaniec\/#website"},"datePublished":"2020-02-17T17:54:02+00:00","dateModified":"2020-02-17T17:57:47+00:00","breadcrumb":{"@id":"http:\/\/smpolaniec.com.pl\/smpolaniec\/wentylacja-i-napowietrzenie\/#breadcrumb"},"inLanguage":"pl-PL","potentialAction":[{"@type":"ReadAction","target":["http:\/\/smpolaniec.com.pl\/smpolaniec\/wentylacja-i-napowietrzenie\/"]}]},{"@type":"BreadcrumbList","@id":"http:\/\/smpolaniec.com.pl\/smpolaniec\/wentylacja-i-napowietrzenie\/#breadcrumb","itemListElement":[{"@type":"ListItem","position":1,"name":"Strona g\u0142\u00f3wna","item":"https:\/\/smpolaniec.com.pl\/smpolaniec\/"},{"@type":"ListItem","position":2,"name":"Wentylacja i napowietrzenie"}]},{"@type":"WebSite","@id":"http:\/\/smpolaniec.com.pl\/smpolaniec\/#website","url":"http:\/\/smpolaniec.com.pl\/smpolaniec\/","name":"smpolaniec.com.pl","description":"Sp\u00f3\u0142dzielnia Mieszkaniowa Po\u0142aniec","potentialAction":[{"@type":"SearchAction","target":{"@type":"EntryPoint","urlTemplate":"http:\/\/smpolaniec.com.pl\/smpolaniec\/?s={search_term_string}"},"query-input":"required name=search_term_string"}],"inLanguage":"pl-PL"}]}},"_links":{"self":[{"href":"https:\/\/smpolaniec.com.pl\/smpolaniec\/wp-json\/wp\/v2\/pages\/351"}],"collection":[{"href":"https:\/\/smpolaniec.com.pl\/smpolaniec\/wp-json\/wp\/v2\/pages"}],"about":[{"href":"https:\/\/smpolaniec.com.pl\/smpolaniec\/wp-json\/wp\/v2\/types\/page"}],"author":[{"embeddable":true,"href":"https:\/\/smpolaniec.com.pl\/smpolaniec\/wp-json\/wp\/v2\/users\/11"}],"replies":[{"embeddable":true,"href":"https:\/\/smpolaniec.com.pl\/smpolaniec\/wp-json\/wp\/v2\/comments?post=351"}],"version-history":[{"count":5,"href":"https:\/\/smpolaniec.com.pl\/smpolaniec\/wp-json\/wp\/v2\/pages\/351\/revisions"}],"predecessor-version":[{"id":357,"href":"https:\/\/smpolaniec.com.pl\/smpolaniec\/wp-json\/wp\/v2\/pages\/351\/revisions\/357"}],"wp:attachment":[{"href":"https:\/\/smpolaniec.com.pl\/smpolaniec\/wp-json\/wp\/v2\/media?parent=351"}],"curies":[{"name":"wp","href":"https:\/\/api.w.org\/{rel}","templated":true}]}}